{"id":92,"date":"2020-03-25T22:09:09","date_gmt":"2020-03-25T21:09:09","guid":{"rendered":"http:\/\/www.tadytomamrad.cz\/?page_id=92"},"modified":"2020-11-30T20:31:50","modified_gmt":"2020-11-30T19:31:50","slug":"home-2","status":"publish","type":"page","link":"https:\/\/www.tadytomamrad.eu\/?page_id=92","title":{"rendered":"#GivingTuesday 1.12.2020"},"content":{"rendered":"\n<p class=\"wp-block-paragraph\">Sv\u011btov\u00fd den \u0161t\u011bdrosti a dobr\u00fdch skutk\u016f slav\u00edme 1. 12.2020 dobro\u010dinnou sb\u00edrkou. Pomozte vytvo\u0159it nov\u00fd domov pro \u0161est mlad\u00fdch lid\u00ed s PAS. Je to prvn\u00ed krok na cest\u011b k lep\u0161\u00ed budoucnosti v\u0161ech lid\u00ed s autismem.<\/p>\n\n\n\n<div class=\"wp-block-buttons is-layout-flex wp-block-buttons-is-layout-flex\">\n<div class=\"wp-block-button\"><a class=\"wp-block-button__link has-vivid-red-background-color has-background\" href=\"https:\/\/www.darujme.cz\/projekt\/\/1203984\" target=\"_blank\" rel=\"noreferrer noopener\">Podpo\u0159te n\u00e1s na Darujeme.cz<\/a><\/div>\n<\/div>\n\n\n\n<figure class=\"wp-block-embed-youtube wp-block-embed is-type-video is-provider-youtube wp-embed-aspect-16-9 wp-has-aspect-ratio\"><div class=\"wp-block-embed__wrapper\">\n<iframe loading=\"lazy\" title=\"Tady to m\u00e1m r\u00e1d\" width=\"1200\" height=\"675\" src=\"https:\/\/www.youtube.com\/embed\/jo_ou2R79aI?feature=oembed\" frameborder=\"0\" allow=\"accelerometer; autoplay; clipboard-write; encrypted-media; gyroscope; picture-in-picture\" allowfullscreen><\/iframe>\n<\/div><\/figure>\n\n\n\n<figure class=\"wp-block-image size-large is-style-default\"><a href=\"https:\/\/www.tadytomamrad.cz\/wp-content\/uploads\/2020\/11\/cesta-k-domovu-02.png\"><img loading=\"lazy\" decoding=\"async\" width=\"821\" height=\"1024\" src=\"https:\/\/www.tadytomamrad.cz\/wp-content\/uploads\/2020\/11\/cesta-k-domovu-02-821x1024.png\" alt=\"\" class=\"wp-image-148\" srcset=\"https:\/\/www.tadytomamrad.eu\/wp-content\/uploads\/2020\/11\/cesta-k-domovu-02-821x1024.png 821w, https:\/\/www.tadytomamrad.eu\/wp-content\/uploads\/2020\/11\/cesta-k-domovu-02-240x300.png 240w, https:\/\/www.tadytomamrad.eu\/wp-content\/uploads\/2020\/11\/cesta-k-domovu-02-768x958.png 768w, https:\/\/www.tadytomamrad.eu\/wp-content\/uploads\/2020\/11\/cesta-k-domovu-02-1231x1536.png 1231w, https:\/\/www.tadytomamrad.eu\/wp-content\/uploads\/2020\/11\/cesta-k-domovu-02-1642x2048.png 1642w, https:\/\/www.tadytomamrad.eu\/wp-content\/uploads\/2020\/11\/cesta-k-domovu-02.png 2000w\" sizes=\"auto, (max-width: 821px) 100vw, 821px\" \/><\/a><\/figure>\n\n\n\n<h2 class=\"wp-block-heading\">Kdo jsme<\/h2>\n\n\n\n<p class=\"wp-block-paragraph\">Jsme rodi\u010de a sourozenci dnes u\u017e dosp\u011bl\u00fdch lid\u00ed s&nbsp;autismem. Spole\u010dn\u011b jsme zalo\u017eili neziskovou organizaci <strong>Tady to m\u00e1m r\u00e1d, z.s.<\/strong>, kter\u00e1 od <strong>roku 2011 intenzivn\u011b pracuje na vybudov\u00e1n\u00ed pobytov\u00e9 slu\u017eby rodinn\u00e9ho charakteru pro mlad\u00e9 lidi s&nbsp;autismem<\/strong>. Pro\u010d tady to m\u00e1m r\u00e1d? Proto\u017ee tak si p\u0159edstavujeme domov. <strong>M\u00edsto, kde se c\u00edt\u00edme bezpe\u010dn\u011b.<\/strong> M\u00edsto, kde se k&nbsp;n\u00e1m hezky chovaj\u00ed. Prost\u011b m\u00edsto, kde je n\u00e1m dob\u0159e. <\/p>\n\n\n\n<p class=\"wp-block-paragraph\">Nen\u00ed n\u00e1m lhostejn\u00fd osud na\u0161ich bl\u00edzk\u00fdch a v\u011b\u0159\u00edme, \u017ee ka\u017ed\u00fd \u010dlov\u011bk m\u00e1 pr\u00e1vo na <strong>d\u016fstojn\u00fd a plnohodnotn\u00fd \u017eivot<\/strong> dle sv\u00fdch individu\u00e1ln\u00edch schopnost\u00ed. M\u00edt jak\u00fdkoliv hendikep by n\u00e1m v&nbsp;tom nem\u011blo br\u00e1nit a p\u0159esto, \u017ee dle statistik ka\u017ed\u00e9 100. narozen\u00e9 d\u00edt\u011b trp\u00ed autismem, existuj\u00ed nap\u0159\u00edklad v&nbsp;Jihomoravsk\u00e9m kraji pouze dv\u011b pobytov\u00e1 za\u0159\u00edzen\u00ed, kter\u00e1 jsou do\u017eivotn\u011b obsazena. Na\u0161\u00edm c\u00edlem je <strong>zajistit d\u016fstojn\u00e9 bydlen\u00ed na m\u00edru pot\u0159eb pro 6 mlad\u00fdch dosp\u011bl\u00fdch lid\u00ed s&nbsp;autismem<\/strong>, kte\u0159\u00ed pot\u0159ebuj\u00ed&nbsp;<strong>vysokou m\u00edru podpory<\/strong>.  Nyn\u00ed stoj\u00edme na dosah jeho napln\u011bn\u00ed d\u00edky projektu <strong>Nov\u00fd domov.<\/strong> <\/p>\n","protected":false},"excerpt":{"rendered":"<p>Sv\u011btov\u00fd den \u0161t\u011bdrosti a dobr\u00fdch skutk\u016f slav\u00edme 1. 12.2020 dobro\u010dinnou sb\u00edrkou. Pomozte vytvo\u0159it nov\u00fd domov pro \u0161est mlad\u00fdch lid\u00ed s PAS. Je to prvn\u00ed krok na cest\u011b k lep\u0161\u00ed budoucnosti v\u0161ech lid\u00ed s autismem. Kdo jsme Jsme rodi\u010de a sourozenci dnes u\u017e dosp\u011bl\u00fdch lid\u00ed s&nbsp;autismem. Spole\u010dn\u011b jsme zalo\u017eili neziskovou organizaci Tady to m\u00e1m r\u00e1d, z.s.,&hellip;<\/p>\n","protected":false},"author":4,"featured_media":0,"parent":0,"menu_order":0,"comment_status":"closed","ping_status":"closed","template":"","meta":{"footnotes":""},"class_list":["post-92","page","type-page","status-publish","hentry","description-off"],"_links":{"self":[{"href":"https:\/\/www.tadytomamrad.eu\/index.php?rest_route=\/wp\/v2\/pages\/92","targetHints":{"allow":["GET"]}}],"collection":[{"href":"https:\/\/www.tadytomamrad.eu\/index.php?rest_route=\/wp\/v2\/pages"}],"about":[{"href":"https:\/\/www.tadytomamrad.eu\/index.php?rest_route=\/wp\/v2\/types\/page"}],"author":[{"embeddable":true,"href":"https:\/\/www.tadytomamrad.eu\/index.php?rest_route=\/wp\/v2\/users\/4"}],"replies":[{"embeddable":true,"href":"https:\/\/www.tadytomamrad.eu\/index.php?rest_route=%2Fwp%2Fv2%2Fcomments&post=92"}],"version-history":[{"count":19,"href":"https:\/\/www.tadytomamrad.eu\/index.php?rest_route=\/wp\/v2\/pages\/92\/revisions"}],"predecessor-version":[{"id":157,"href":"https:\/\/www.tadytomamrad.eu\/index.php?rest_route=\/wp\/v2\/pages\/92\/revisions\/157"}],"wp:attachment":[{"href":"https:\/\/www.tadytomamrad.eu\/index.php?rest_route=%2Fwp%2Fv2%2Fmedia&parent=92"}],"curies":[{"name":"wp","href":"https:\/\/api.w.org\/{rel}","templated":true}]}}

<p class="wp-block-paragraph">Světový den štědrosti a dobrých skutků slavíme 1. 12.2020 dobročinnou sbírkou. Pomozte vytvořit nový domov pro šest mladých lidí s PAS. Je to první krok na cestě k lepší budoucnosti všech lidí s autismem.</p>



<div class="wp-block-buttons is-layout-flex wp-block-buttons-is-layout-flex">
<div class="wp-block-button"><a class="wp-block-button__link has-vivid-red-background-color has-background" href="https://www.darujme.cz/projekt//1203984" target="_blank" rel="noreferrer noopener">Podpořte nás na Darujeme.cz</a></div>
</div>



<figure class="wp-block-embed-youtube wp-block-embed is-type-video is-provider-youtube wp-embed-aspect-16-9 wp-has-aspect-ratio"><div class="wp-block-embed__wrapper">
<iframe loading="lazy" title="Tady to mám rád" width="1200" height="675" src="https://www.youtube.com/embed/jo_ou2R79aI?feature=oembed" frameborder="0" allow="accelerometer; autoplay; clipboard-write; encrypted-media; gyroscope; picture-in-picture" allowfullscreen></iframe>
</div></figure>



<figure class="wp-block-image size-large is-style-default"><a href="https://www.tadytomamrad.cz/wp-content/uploads/2020/11/cesta-k-domovu-02.png"><img loading="lazy" decoding="async" width="821" height="1024" src="https://www.tadytomamrad.cz/wp-content/uploads/2020/11/cesta-k-domovu-02-821x1024.png" alt="" class="wp-image-148" srcset="https://www.tadytomamrad.eu/wp-content/uploads/2020/11/cesta-k-domovu-02-821x1024.png 821w, https://www.tadytomamrad.eu/wp-content/uploads/2020/11/cesta-k-domovu-02-240x300.png 240w, https://www.tadytomamrad.eu/wp-content/uploads/2020/11/cesta-k-domovu-02-768x958.png 768w, https://www.tadytomamrad.eu/wp-content/uploads/2020/11/cesta-k-domovu-02-1231x1536.png 1231w, https://www.tadytomamrad.eu/wp-content/uploads/2020/11/cesta-k-domovu-02-1642x2048.png 1642w, https://www.tadytomamrad.eu/wp-content/uploads/2020/11/cesta-k-domovu-02.png 2000w" sizes="auto, (max-width: 821px) 100vw, 821px" /></a></figure>



<h2 class="wp-block-heading">Kdo jsme</h2>



<p class="wp-block-paragraph">Jsme rodiče a sourozenci dnes už dospělých lidí s&nbsp;autismem. Společně jsme založili neziskovou organizaci <strong>Tady to mám rád, z.s.</strong>, která od <strong>roku 2011 intenzivně pracuje na vybudování pobytové služby rodinného charakteru pro mladé lidi s&nbsp;autismem</strong>. Proč tady to mám rád? Protože tak si představujeme domov. <strong>Místo, kde se cítíme bezpečně.</strong> Místo, kde se k&nbsp;nám hezky chovají. Prostě místo, kde je nám dobře. </p>



<p class="wp-block-paragraph">Není nám lhostejný osud našich blízkých a věříme, že každý člověk má právo na <strong>důstojný a plnohodnotný život</strong> dle svých individuálních schopností. Mít jakýkoliv hendikep by nám v&nbsp;tom nemělo bránit a přesto, že dle statistik každé 100. narozené dítě trpí autismem, existují například v&nbsp;Jihomoravském kraji pouze dvě pobytová zařízení, která jsou doživotně obsazena. Naším cílem je <strong>zajistit důstojné bydlení na míru potřeb pro 6 mladých dospělých lidí s&nbsp;autismem</strong>, kteří potřebují&nbsp;<strong>vysokou míru podpory</strong>.  Nyní stojíme na dosah jeho naplnění díky projektu <strong>Nový domov.</strong> </p>

<p>Světový den štědrosti a dobrých skutků slavíme 1. 12.2020 dobročinnou sbírkou. Pomozte vytvořit nový domov pro šest mladých lidí s PAS. Je to první krok na cestě k lepší budoucnosti všech lidí s autismem. Kdo jsme Jsme rodiče a sourozenci dnes už dospělých lidí s&nbsp;autismem. Společně jsme založili neziskovou organizaci Tady to mám rád, z.s.,&hellip;</p>
