{"id":30,"date":"2020-03-25T21:59:59","date_gmt":"2020-03-25T20:59:59","guid":{"rendered":"http:\/\/www.tadytomamrad.cz\/?page_id=30"},"modified":"2020-03-27T11:28:02","modified_gmt":"2020-03-27T10:28:02","slug":"autismus","status":"publish","type":"page","link":"https:\/\/www.tadytomamrad.eu\/?page_id=30","title":{"rendered":"Autismus"},"content":{"rendered":"\n<h2 class=\"wp-block-heading\">Co je autismus<\/h2>\n\n\n\n<p class=\"wp-block-paragraph\">Za nejz\u00e1va\u017en\u011bj\u0161\u00ed projev autismu je pova\u017eov\u00e1na naru\u0161en\u00e1 komunikace a probl\u00e9my v soci\u00e1ln\u00ed oblasti. <br><br> \u010clov\u011bk s autismem \u010dasto neum\u00ed vyj\u00e1d\u0159it co pot\u0159ebuje, co c\u00edt\u00ed, co pro\u017e\u00edv\u00e1&#8230; \u010clov\u011bk s autismem se neum\u00ed vc\u00edtit do druh\u00e9ho, nech\u00e1pe ironii a vysloven\u00fd text ch\u00e1pe doslovn\u011b. Striktn\u011b dodr\u017euje dan\u00e1 pravidla, proto\u017ee mu d\u00e1vaj\u00ed pocit jistoty. <br><br>\u010clov\u011bk s autismem je \u010dlov\u011bk jako ka\u017ed\u00fd jin\u00fd.<br> <br>\u010clov\u011bk m\u00e1 pr\u00e1vo \u017e\u00edt nez\u00e1visl\u00fd, plnohodnotn\u00fd \u017eivot. <br><br>\u010clov\u011bk m\u00e1 pr\u00e1vo volby. Volby jak chce \u017e\u00edt sv\u016fj \u017eivot, co si r\u00e1no nachyst\u00e1 k sn\u00eddani, jak\u00e9 tri\u010dko si oble\u010de, s k\u00fdm chce sv\u016fj \u017eivot sd\u00edlet&#8230; <br><br><strong>Autismus nem\u016f\u017ee b\u00fdt p\u0159ek\u00e1\u017ekou napl\u0148ov\u00e1n\u00ed z\u00e1kladn\u00edch lidsk\u00fdch pr\u00e1v v civilizovan\u00e9 spole\u010dnosti. <\/strong><\/p>\n\n\n\n<figure class=\"wp-block-image size-large\"><img loading=\"lazy\" decoding=\"async\" width=\"1024\" height=\"857\" src=\"https:\/\/www.tadytomamrad.cz\/wp-content\/uploads\/2020\/03\/autismus_bublina_orez-web-1024x857.jpg\" alt=\"\" class=\"wp-image-117\" srcset=\"https:\/\/www.tadytomamrad.eu\/wp-content\/uploads\/2020\/03\/autismus_bublina_orez-web-1024x857.jpg 1024w, https:\/\/www.tadytomamrad.eu\/wp-content\/uploads\/2020\/03\/autismus_bublina_orez-web-300x251.jpg 300w, https:\/\/www.tadytomamrad.eu\/wp-content\/uploads\/2020\/03\/autismus_bublina_orez-web-768x643.jpg 768w, https:\/\/www.tadytomamrad.eu\/wp-content\/uploads\/2020\/03\/autismus_bublina_orez-web-1536x1285.jpg 1536w, https:\/\/www.tadytomamrad.eu\/wp-content\/uploads\/2020\/03\/autismus_bublina_orez-web-2048x1714.jpg 2048w\" sizes=\"auto, (max-width: 1024px) 100vw, 1024px\" \/><\/figure>\n\n\n\n<h2 class=\"wp-block-heading\">Diagn\u00f3za<\/h2>\n\n\n\n<p class=\"wp-block-paragraph\"><strong>Porucha autistick\u00e9ho spektra<\/strong> (autismus) &#8211; je v \u010cR ofici\u00e1ln\u011b uzn\u00e1na od roku 1994. Dle dostupn\u00fdch st\u0159\u00edzliv\u00fdch prevalenc\u00ed se <strong>ka\u017ed\u00e9 100 narozen\u00e9 d\u00edt\u011b rod\u00ed s poruchou autistick\u00e9ho spektra<\/strong>. <\/p>\n\n\n\n<p class=\"wp-block-paragraph\">Autismus a dal\u0161\u00ed poruchy autistick\u00e9ho spektra pat\u0159\u00ed mezi celo\u017eivotn\u00ed neurov\u00fdvojov\u00e9 poruchy, kter\u00e9 maj\u00ed vliv na soci\u00e1ln\u00ed a komunika\u010dn\u00ed schopnosti \u010dlov\u011bka. Ovliv\u0148uje to, jak se doty\u010dn\u00fd chov\u00e1 k ostatn\u00edm a jak s nimi komunikuje. D\u016fsledkem poruchy je, \u017ee osoba \u0161patn\u011b vyhodnocuje informace, kter\u00e9 k n\u00ed p\u0159ich\u00e1zej\u00ed a z toho plyne naru\u0161en\u00ed v oblasti komunikace, soci\u00e1ln\u00edho chov\u00e1n\u00ed a p\u0159edstavivosti. Lid\u00e9 s&nbsp;autismem nerozum\u00ed sv\u011btu kolem sebe, tomu co vid\u00ed, sly\u0161\u00ed ani tomu co c\u00edt\u00ed a pro\u017e\u00edvaj\u00ed. Jde o vrozen\u00e9 posti\u017een\u00ed mozkov\u00fdch funkc\u00ed, kter\u00e9 umo\u017e\u0148uj\u00ed komunikaci, soci\u00e1ln\u00ed interakci, fantazii, kreativitu. \u010casto se setk\u00e1v\u00e1me s hypersensibilitou v oblasti smyslov\u00e9ho vn\u00edm\u00e1n\u00ed \u2013 hluk, materi\u00e1l, sv\u011btlo, chu\u0165 atp., tak\u00e9 je \u010dast\u00e9 ritu\u00e1ln\u00ed chov\u00e1n\u00ed a \u0161patn\u00e1 tolerance zm\u011bny, neschopnost smyslupln\u011b tr\u00e1vit \u010das. Osoby s&nbsp;autismem pot\u0159ebuj\u00ed celo\u017eivotn\u00ed podporu a pomoc druh\u00e9 osoby, strukturovan\u00e9 bezpe\u010dn\u00e9 prost\u0159ed\u00ed na m\u00edru, vysokou m\u00edru vizualizace, klid a soukrom\u00ed. <\/p>\n","protected":false},"excerpt":{"rendered":"<p>Co je autismus Za nejz\u00e1va\u017en\u011bj\u0161\u00ed projev autismu je pova\u017eov\u00e1na naru\u0161en\u00e1 komunikace a probl\u00e9my v soci\u00e1ln\u00ed oblasti. \u010clov\u011bk s autismem \u010dasto neum\u00ed vyj\u00e1d\u0159it co pot\u0159ebuje, co c\u00edt\u00ed, co pro\u017e\u00edv\u00e1&#8230; \u010clov\u011bk s autismem se neum\u00ed vc\u00edtit do druh\u00e9ho, nech\u00e1pe ironii a vysloven\u00fd text ch\u00e1pe doslovn\u011b. Striktn\u011b dodr\u017euje dan\u00e1 pravidla, proto\u017ee mu d\u00e1vaj\u00ed pocit jistoty. \u010clov\u011bk s autismem&hellip;<\/p>\n","protected":false},"author":3,"featured_media":0,"parent":0,"menu_order":0,"comment_status":"closed","ping_status":"closed","template":"","meta":{"footnotes":""},"class_list":["post-30","page","type-page","status-publish","hentry","description-off"],"_links":{"self":[{"href":"https:\/\/www.tadytomamrad.eu\/index.php?rest_route=\/wp\/v2\/pages\/30","targetHints":{"allow":["GET"]}}],"collection":[{"href":"https:\/\/www.tadytomamrad.eu\/index.php?rest_route=\/wp\/v2\/pages"}],"about":[{"href":"https:\/\/www.tadytomamrad.eu\/index.php?rest_route=\/wp\/v2\/types\/page"}],"author":[{"embeddable":true,"href":"https:\/\/www.tadytomamrad.eu\/index.php?rest_route=\/wp\/v2\/users\/3"}],"replies":[{"embeddable":true,"href":"https:\/\/www.tadytomamrad.eu\/index.php?rest_route=%2Fwp%2Fv2%2Fcomments&post=30"}],"version-history":[{"count":21,"href":"https:\/\/www.tadytomamrad.eu\/index.php?rest_route=\/wp\/v2\/pages\/30\/revisions"}],"predecessor-version":[{"id":118,"href":"https:\/\/www.tadytomamrad.eu\/index.php?rest_route=\/wp\/v2\/pages\/30\/revisions\/118"}],"wp:attachment":[{"href":"https:\/\/www.tadytomamrad.eu\/index.php?rest_route=%2Fwp%2Fv2%2Fmedia&parent=30"}],"curies":[{"name":"wp","href":"https:\/\/api.w.org\/{rel}","templated":true}]}}

<h2 class="wp-block-heading">Co je autismus</h2>



<p class="wp-block-paragraph">Za nejzávažnější projev autismu je považována narušená komunikace a problémy v sociální oblasti. <br><br> Člověk s autismem často neumí vyjádřit co potřebuje, co cítí, co prožívá&#8230; Člověk s autismem se neumí vcítit do druhého, nechápe ironii a vyslovený text chápe doslovně. Striktně dodržuje daná pravidla, protože mu dávají pocit jistoty. <br><br>Člověk s autismem je člověk jako každý jiný.<br> <br>Člověk má právo žít nezávislý, plnohodnotný život. <br><br>Člověk má právo volby. Volby jak chce žít svůj život, co si ráno nachystá k snídani, jaké tričko si obleče, s kým chce svůj život sdílet&#8230; <br><br><strong>Autismus nemůže být překážkou naplňování základních lidských práv v civilizované společnosti. </strong></p>



<figure class="wp-block-image size-large"><img loading="lazy" decoding="async" width="1024" height="857" src="https://www.tadytomamrad.cz/wp-content/uploads/2020/03/autismus_bublina_orez-web-1024x857.jpg" alt="" class="wp-image-117" srcset="https://www.tadytomamrad.eu/wp-content/uploads/2020/03/autismus_bublina_orez-web-1024x857.jpg 1024w, https://www.tadytomamrad.eu/wp-content/uploads/2020/03/autismus_bublina_orez-web-300x251.jpg 300w, https://www.tadytomamrad.eu/wp-content/uploads/2020/03/autismus_bublina_orez-web-768x643.jpg 768w, https://www.tadytomamrad.eu/wp-content/uploads/2020/03/autismus_bublina_orez-web-1536x1285.jpg 1536w, https://www.tadytomamrad.eu/wp-content/uploads/2020/03/autismus_bublina_orez-web-2048x1714.jpg 2048w" sizes="auto, (max-width: 1024px) 100vw, 1024px" /></figure>



<h2 class="wp-block-heading">Diagnóza</h2>



<p class="wp-block-paragraph"><strong>Porucha autistického spektra</strong> (autismus) &#8211; je v ČR oficiálně uznána od roku 1994. Dle dostupných střízlivých prevalencí se <strong>každé 100 narozené dítě rodí s poruchou autistického spektra</strong>. </p>



<p class="wp-block-paragraph">Autismus a další poruchy autistického spektra patří mezi celoživotní neurovývojové poruchy, které mají vliv na sociální a komunikační schopnosti člověka. Ovlivňuje to, jak se dotyčný chová k ostatním a jak s nimi komunikuje. Důsledkem poruchy je, že osoba špatně vyhodnocuje informace, které k ní přicházejí a z toho plyne narušení v oblasti komunikace, sociálního chování a představivosti. Lidé s&nbsp;autismem nerozumí světu kolem sebe, tomu co vidí, slyší ani tomu co cítí a prožívají. Jde o vrozené postižení mozkových funkcí, které umožňují komunikaci, sociální interakci, fantazii, kreativitu. Často se setkáváme s hypersensibilitou v oblasti smyslového vnímání – hluk, materiál, světlo, chuť atp., také je časté rituální chování a špatná tolerance změny, neschopnost smysluplně trávit čas. Osoby s&nbsp;autismem potřebují celoživotní podporu a pomoc druhé osoby, strukturované bezpečné prostředí na míru, vysokou míru vizualizace, klid a soukromí. </p>

<p>Co je autismus Za nejzávažnější projev autismu je považována narušená komunikace a problémy v sociální oblasti. Člověk s autismem často neumí vyjádřit co potřebuje, co cítí, co prožívá&#8230; Člověk s autismem se neumí vcítit do druhého, nechápe ironii a vyslovený text chápe doslovně. Striktně dodržuje daná pravidla, protože mu dávají pocit jistoty. Člověk s autismem&hellip;</p>
